063
List the prime factors of 6540132.
2, 3, 31, 17581
What are the prime factors of 617055415?
5, 53, 461, 5051
What are the prime factors of 232898282?
2, 116449141
List the prime factors of 985200232.
2, 123150029
What are the prime factors of 592695568?
2, 47, 788159
List the prime factors of 130859096.
2, 16357387
What are the prime factors of 212558246?
2, 1789, 59407
List the prime factors of 261718577.
261718577
List the prime factors of 183273621.
3, 1361, 44887
List the prime factors of 7227306.
2, 3, 4957
List the prime factors of 912416955.
3, 5, 19, 31, 61, 1693
What are the prime factors of 473918364?
2, 3, 1462711
What are the prime factors of 20456275?
5, 7, 16699
What are the prime factors of 2297131?
31, 74101
List the prime factors of 1257766552.
2, 7, 359, 62563
List the prime factors of 177119376.
2, 3, 7, 151, 3491
List the prime factors of 41271426.
2, 3, 7, 73, 641
What are the prime factors of 89201433?
3, 1723, 17257
List the prime factors of 2037013115.
5, 407402623
What are the prime factors of 450794219?
17, 31, 855397
What are the prime factors of 5055373741?
11, 863, 532537
List the prime factors of 2392721758.
2, 7, 170908697
What are the prime factors of 12487830?
2, 3, 5, 197, 2113
What are the prime factors of 532662860?
2, 5, 26633143
What are the prime factors of 938182755?
3, 5, 62545517
What are the prime factors of 17185066?
2, 8592533
What are the prime factors of 8267961142?
2, 7, 590568653
List the prime factors of 97725682.
2, 48862841
List the prime factors of 20355233.
53, 384061
List the prime factors of 116107609.
116107609
What are the prime factors of 390505212?
2, 3, 67, 17989
List the prime factors of 53167899.
3, 2693, 6581
List the prime factors of 673593290.
2, 5, 67359329
List the prime factors of 207472558.
2, 23, 4510273
What are the prime factors of 233854563?
3, 47, 197, 8419
What are the prime factors of 74039762?
2, 941, 39341
What are the prime factors of 57959912?
2, 421, 17209
What are the prime factors of 2945955678?
2, 3, 101, 4861313
List the prime factors of 172470649.
13, 421, 31513
What are the prime factors of 117431234?
2, 58715617
List the prime factors of 946822471.
7, 41, 3299033
What are the prime factors of 197629244?
2, 79, 625409
What are the prime factors of 1652640468?
2, 3, 137720039
What are the prime factors of 48206220?
2, 3, 5, 17, 167, 283
What are the prime factors of 307524428?
2, 977, 78691
What are the prime factors of 337593447?
3, 12503461
List the prime factors of 36235976.
2, 7, 17, 2239
List the prime factors of 20288024.
2, 23, 110261
What are the prime factors of 3869598466?
2, 43, 44995331
List the prime factors of 296409978.
2, 3, 691, 23831
List the prime factors of 37951245.
3, 5, 843361
What are the prime factors of 33819473?
33819473
What are the prime factors of 927736137?
3, 43, 2397251
List the prime factors of 4392648387.
3, 54230227
List the prime factors of 47317993.
47317993
What are the prime factors of 1242291596?
2, 7, 13, 61, 55949
List the prime factors of 410231871.
3, 7, 131, 263
What are the prime factors of 104361786?
2, 3, 1283, 4519
List the prime factors of 5647423778.
2, 2823711889
List the prime factors of 5081131981.
19, 267427999
What are the prime factors of 64882071?
3, 7209119
List the prime factors of 119711686.
2, 3221, 18583
What are the prime factors of 109580983?
89, 1231247
List the prime factors of 3155303118.
2, 3, 11, 47807623
List the prime factors of 4116763570.
2, 5, 411676357
What are the prime factors of 291168982?
2, 13, 61, 183587
What are the prime factors of 185587025?
5, 13, 571037
List the prime factors of 577793560.
2, 5, 47, 307337
What are the prime factors of 163839824?
2, 10239989
List the prime factors of 354447669.
3, 118149223
List the prime factors of 316980332.
2, 31, 37, 59, 1171
List the prime factors of 40910800.
2, 5, 7, 19, 769
What are the prime factors of 221337350?
2, 5, 13, 340519
What are the prime factors of 23993044?
2, 5998261
List the prime factors of 71701101.
3, 313, 25453
List the prime factors of 247105897.
17, 29, 501229
What are the prime factors of 1010195740?
2, 5, 2347, 21521
What are the prime factors of 56952870?
2, 3, 5, 13, 146033
List the prime factors of 123687173.
223, 373, 1487
List the prime factors of 335088297.
3, 37232033
What are the prime factors of 98181587?
7, 14025941
What are the prime factors of 3388172312?
2, 7, 29, 67, 31139
What are the prime factors of 1870711558?
2, 193, 2153, 2251
What are the prime factors of 980194596?
2, 3, 6719, 12157
List the prime factors of 52989992.
2, 11, 701, 859
What are the prime factors of 2139173952?
2, 3, 1973, 5647
List the prime factors of 1335848986.
2, 3119, 214147
What are the prime factors of 73847674?
2, 2131, 17327
What are the prime factors of 3720219153?
3, 7, 47, 67, 101, 557
List the prime factors of 2215655588.
2, 19, 29153363
List the prime factors of 1007093734.
2, 547, 920561
List the prime factors of 1470084628.
2, 61, 313, 19249
List the prime factors of 245621343.
3, 11, 223, 33377
What are the prime factors of 1586166105?
3, 5, 47, 83, 27107
What are the prime factors of 58459818?
2, 3, 137, 71119
What are the prime factors of 181465778?
2, 13, 47, 11423
What are the prime factors of 4887911438?
2, 193, 2521, 5023
What are the prime factors of 695501792?
2, 21734431
What are the prime factors of 939226568?
2, 7, 47, 53, 6733
List the prime factors of 26643799.
7, 13, 151, 277
List the prime factors of 216389166.
2, 3, 7, 239, 21557
List the prime factors of 900655056.
2, 3, 7, 647, 1381
List the prime factors of 136659008.
2, 23, 263, 353
List the prime factors of 47291843.
811, 58313
What are the prime factors of 43304975?
5, 7, 23, 29, 53
List the prime factors of 819339217.
819339217
What are the prime factors of 531839036?
2, 37, 3593507
List the prime factors of 79423102.
2, 11, 277, 13033
List the prime factors of 217196200.
2, 5, 13, 83537
List the prime factors of 51524191.
43, 109, 10993
What are the prime factors of 15624490?
2, 5, 7, 223207
What are the prime factors of 135229316?
2, 31, 41, 67, 397
What are the prime factors of 941594816?
2, 14712419
What are the prime factors of 385243117?
7, 55034731
What are the prime factors of 758803327?
23, 43, 767243
What are the prime factors of 5391812272?
2, 7, 11, 37, 10753
What are the prime factors of 393033078?
2, 3, 89, 245339
What are the prime factors of 1160328749?
23671, 49019
What are the prime factors of 952904923?
109, 1109, 7883
What are the prime factors of 82432186?
2, 769, 53597
What are the prime factors of 50675529?
3, 1181, 14303
What are the prime factors of 738245111?
17, 59, 736037
List the prime factors of 6258496763.
6258496763
What are the prime factors of 68890048?
2, 19, 181, 313
What are the prime factors of 57554198?
2, 13, 2213623
List the prime factors of 3529092808.
2, 441136601
List the prime factors of 3338748901.
9221, 362081
List the prime factors of 30215036.
2, 571, 13229
List the prime factors of 343978178.
2, 171989089
What are the prime factors of 405724562?
2, 202862281
List the prime factors of 817200148.
2, 1801, 113437
What are the prime factors of 257996837?
7, 36856691
List the prime factors of 177231209.
29, 1607, 3803
What are the prime factors of 21268002?
2, 3, 7, 506381
What are the prime factors of 1210331935?
5, 242066387
List the prime factors of 438298529.
1307, 335347
List the prime factors of 30035223.
3, 547, 6101
List the prime factors of 2704628986.
2, 19, 71, 1002457
List the prime factors of 6357357.
3, 706373
What are the prime factors of 4439999335?
5, 31, 461, 62137
List the prime factors of 38872228.
2, 9718057
List the prime factors of 164548127.
164548127
What are the prime factors of 686369144?
2, 85796143
List the prime factors of 2617674.
2, 3, 436279
What are the prime factors of 280545925?
5, 11, 19, 53693
What are the prime factors of 35170?
2, 5, 3517
List the prime factors of 640834956.
2, 3, 5933657
What are the prime factors of 1226696330?
2, 5, 122669633
List the prime factors of 137954005.
5, 7, 67, 89, 661
What are the prime factors of 2717720548?
2, 6863, 98999
List the prime factors of 33485758.
2, 97, 172607
What are the prime factors of 126656